{"id":474,"date":"2026-03-15T14:31:45","date_gmt":"2026-03-15T13:31:45","guid":{"rendered":"https:\/\/sparkshift.hu\/?page_id=474"},"modified":"2026-03-15T15:40:24","modified_gmt":"2026-03-15T14:40:24","slug":"impresszum","status":"publish","type":"page","link":"https:\/\/sparkshift.hu\/?page_id=474","title":{"rendered":"Impresszum"},"content":{"rendered":"\t\t<div data-elementor-type=\"wp-page\" data-elementor-id=\"474\" class=\"elementor elementor-474\" data-elementor-post-type=\"page\">\n\t\t\t\t\t\t<section class=\"elementor-section elementor-top-section elementor-element elementor-element-3e0a4a8 elementor-section-boxed elementor-section-height-default elementor-section-height-default\" data-id=\"3e0a4a8\" data-element_type=\"section\">\n\t\t\t\t\t\t<div class=\"elementor-container elementor-column-gap-default\">\n\t\t\t\t\t<div class=\"elementor-column elementor-col-100 elementor-top-column elementor-element elementor-element-7de27b9\" data-id=\"7de27b9\" data-element_type=\"column\">\n\t\t\t<div class=\"elementor-widget-wrap elementor-element-populated\">\n\t\t\t\t\t\t<div class=\"elementor-element elementor-element-287f90e elementor-widget elementor-widget-spacer\" data-id=\"287f90e\" data-element_type=\"widget\" data-widget_type=\"spacer.default\">\n\t\t\t\t<div class=\"elementor-widget-container\">\n\t\t\t\t\t\t\t<div class=\"elementor-spacer\">\n\t\t\t<div class=\"elementor-spacer-inner\"><\/div>\n\t\t<\/div>\n\t\t\t\t\t\t<\/div>\n\t\t\t\t<\/div>\n\t\t\t\t\t<\/div>\n\t\t<\/div>\n\t\t\t\t\t<\/div>\n\t\t<\/section>\n\t\t\t\t<section class=\"elementor-section elementor-top-section elementor-element elementor-element-9676312 elementor-section-boxed elementor-section-height-default elementor-section-height-default\" data-id=\"9676312\" data-element_type=\"section\">\n\t\t\t\t\t\t<div class=\"elementor-container elementor-column-gap-default\">\n\t\t\t\t\t<div class=\"elementor-column elementor-col-50 elementor-top-column elementor-element elementor-element-71706d1\" data-id=\"71706d1\" data-element_type=\"column\">\n\t\t\t<div class=\"elementor-widget-wrap elementor-element-populated\">\n\t\t\t\t\t\t<div class=\"elementor-element elementor-element-ee58524 elementor-widget elementor-widget-heading\" data-id=\"ee58524\" data-element_type=\"widget\" data-widget_type=\"heading.default\">\n\t\t\t\t<div class=\"elementor-widget-container\">\n\t\t\t\t\t<h1 class=\"elementor-heading-title elementor-size-default\">SparkShift Kft.<\/h1>\t\t\t\t<\/div>\n\t\t\t\t<\/div>\n\t\t\t\t<div class=\"elementor-element elementor-element-d581bc0 elementor-widget elementor-widget-text-editor\" data-id=\"d581bc0\" data-element_type=\"widget\" data-widget_type=\"text-editor.default\">\n\t\t\t\t<div class=\"elementor-widget-container\">\n\t\t\t\t\t\t\t\t\t<p class=\"p1\"><b style=\"font-size: 14px;\">Sz\u00e9khely:<\/b><span style=\"font-size: 14px;\"> H-8600, Si\u00f3fok, Tan\u00e1cs k\u00f6z 17.<\/span><\/p>\n<p class=\"p2\"><b>C\u00e9gjegyz\u00e9ksz\u00e1m:<\/b> 14-09-322029<\/p>\n<p class=\"p2\"><b>Ad\u00f3sz\u00e1m:<\/b> 33002176-2-14<\/p>\n<p class=\"p2\"><b>\u00dcgyvezet\u0151:<\/b> Horv\u00e1th Gyula<\/p>\n<p class=\"p2\"><b>Telefon:<\/b> +36 30 088 8872<\/p>\n<p class=\"p3\"><span class=\"s1\"><b>E-mail:<\/b> <\/span>info@sparkshift.hu<\/p>\n<p class=\"p2\"><b>Bejegyz\u0151 hat\u00f3s\u00e1g:<\/b> Kaposv\u00e1ri T\u00f6rv\u00e9nysz\u00e9k C\u00e9gb\u00edr\u00f3s\u00e1ga<\/p>\n<p class=\"p2\"><b>T\u00e1rhelyszolg\u00e1ltat\u00f3:<\/b> Rackhost Zrt.<\/p>\n<p class=\"p2\"><b>Sz\u00e9khelye:<\/b> 6722 Szeged, Tisza Lajos k\u00f6r\u00fat 41.<\/p>\n<p class=\"p3\"><span class=\"s1\"><b>Weboldala:<\/b> <\/span>www.rackhost.hu<\/p>\n<p class=\"p2\"><b>E-mail c\u00edme:<\/b> info@rackhost.hu<\/p>\n<p class=\"p2\"><b>Telefonsz\u00e1ma:<\/b> +36 1 445 1200<\/p>\t\t\t\t\t\t\t\t<\/div>\n\t\t\t\t<\/div>\n\t\t\t\t\t<\/div>\n\t\t<\/div>\n\t\t\t\t<div class=\"elementor-column elementor-col-50 elementor-top-column elementor-element elementor-element-879592f\" data-id=\"879592f\" data-element_type=\"column\">\n\t\t\t<div class=\"elementor-widget-wrap elementor-element-populated\">\n\t\t\t\t\t\t<div class=\"elementor-element elementor-element-7c4b6c5 elementor-widget elementor-widget-image\" data-id=\"7c4b6c5\" data-element_type=\"widget\" data-widget_type=\"image.default\">\n\t\t\t\t<div class=\"elementor-widget-container\">\n\t\t\t\t\t\t\t\t\t\t\t\t\t\t\t<img fetchpriority=\"high\" decoding=\"async\" width=\"1024\" height=\"683\" src=\"https:\/\/sparkshift.hu\/wp-content\/uploads\/2026\/03\/ChatGPT-Image-2026.-marc.-15.-15_36_07-1024x683.png\" class=\"attachment-large size-large wp-image-491\" alt=\"\" srcset=\"https:\/\/sparkshift.hu\/wp-content\/uploads\/2026\/03\/ChatGPT-Image-2026.-marc.-15.-15_36_07-1024x683.png 1024w, https:\/\/sparkshift.hu\/wp-content\/uploads\/2026\/03\/ChatGPT-Image-2026.-marc.-15.-15_36_07-300x200.png 300w, https:\/\/sparkshift.hu\/wp-content\/uploads\/2026\/03\/ChatGPT-Image-2026.-marc.-15.-15_36_07-768x512.png 768w, https:\/\/sparkshift.hu\/wp-content\/uploads\/2026\/03\/ChatGPT-Image-2026.-marc.-15.-15_36_07.png 1536w\" sizes=\"(max-width: 1024px) 100vw, 1024px\" \/>\t\t\t\t\t\t\t\t\t\t\t\t\t\t\t<\/div>\n\t\t\t\t<\/div>\n\t\t\t\t\t<\/div>\n\t\t<\/div>\n\t\t\t\t\t<\/div>\n\t\t<\/section>\n\t\t\t\t<section class=\"elementor-section elementor-top-section elementor-element elementor-element-c1704ad elementor-section-boxed elementor-section-height-default elementor-section-height-default\" data-id=\"c1704ad\" data-element_type=\"section\">\n\t\t\t\t\t\t<div class=\"elementor-container elementor-column-gap-default\">\n\t\t\t\t\t<div class=\"elementor-column elementor-col-100 elementor-top-column elementor-element elementor-element-67b2d4a\" data-id=\"67b2d4a\" data-element_type=\"column\">\n\t\t\t<div class=\"elementor-widget-wrap elementor-element-populated\">\n\t\t\t\t\t\t<div class=\"elementor-element elementor-element-371d24b elementor-widget elementor-widget-spacer\" data-id=\"371d24b\" data-element_type=\"widget\" data-widget_type=\"spacer.default\">\n\t\t\t\t<div class=\"elementor-widget-container\">\n\t\t\t\t\t\t\t<div class=\"elementor-spacer\">\n\t\t\t<div class=\"elementor-spacer-inner\"><\/div>\n\t\t<\/div>\n\t\t\t\t\t\t<\/div>\n\t\t\t\t<\/div>\n\t\t\t\t\t<\/div>\n\t\t<\/div>\n\t\t\t\t\t<\/div>\n\t\t<\/section>\n\t\t\t\t<\/div>\n\t\t","protected":false},"excerpt":{"rendered":"<p>SparkShift Kft. Sz\u00e9khely: H-8600, Si\u00f3fok, Tan\u00e1cs k\u00f6z 17. C\u00e9gjegyz\u00e9ksz\u00e1m: 14-09-322029 Ad\u00f3sz\u00e1m: 33002176-2-14 \u00dcgyvezet\u0151: Horv\u00e1th Gyula Telefon: +36 30 088 8872 E-mail: info@sparkshift.hu Bejegyz\u0151 hat\u00f3s\u00e1g: Kaposv\u00e1ri T\u00f6rv\u00e9nysz\u00e9k C\u00e9gb\u00edr\u00f3s\u00e1ga T\u00e1rhelyszolg\u00e1ltat\u00f3: Rackhost Zrt. Sz\u00e9khelye: 6722 Szeged, Tisza Lajos k\u00f6r\u00fat 41. Weboldala: www.rackhost.hu E-mail c\u00edme: info@rackhost.hu Telefonsz\u00e1ma: +36 1 445 1200<\/p>\n","protected":false},"author":1,"featured_media":0,"parent":0,"menu_order":0,"comment_status":"closed","ping_status":"closed","template":"","meta":{"footnotes":""},"class_list":["post-474","page","type-page","status-publish","hentry","entry"],"_links":{"self":[{"href":"https:\/\/sparkshift.hu\/index.php?rest_route=\/wp\/v2\/pages\/474","targetHints":{"allow":["GET"]}}],"collection":[{"href":"https:\/\/sparkshift.hu\/index.php?rest_route=\/wp\/v2\/pages"}],"about":[{"href":"https:\/\/sparkshift.hu\/index.php?rest_route=\/wp\/v2\/types\/page"}],"author":[{"embeddable":true,"href":"https:\/\/sparkshift.hu\/index.php?rest_route=\/wp\/v2\/users\/1"}],"replies":[{"embeddable":true,"href":"https:\/\/sparkshift.hu\/index.php?rest_route=%2Fwp%2Fv2%2Fcomments&post=474"}],"version-history":[{"count":10,"href":"https:\/\/sparkshift.hu\/index.php?rest_route=\/wp\/v2\/pages\/474\/revisions"}],"predecessor-version":[{"id":494,"href":"https:\/\/sparkshift.hu\/index.php?rest_route=\/wp\/v2\/pages\/474\/revisions\/494"}],"wp:attachment":[{"href":"https:\/\/sparkshift.hu\/index.php?rest_route=%2Fwp%2Fv2%2Fmedia&parent=474"}],"curies":[{"name":"wp","href":"https:\/\/api.w.org\/{rel}","templated":true}]}}