{"id":123,"date":"2026-01-11T07:43:35","date_gmt":"2026-01-11T06:43:35","guid":{"rendered":"https:\/\/sparkshift.hu\/?page_id=123"},"modified":"2026-03-21T10:11:31","modified_gmt":"2026-03-21T09:11:31","slug":"ajanlatkeres","status":"publish","type":"page","link":"https:\/\/sparkshift.hu\/?page_id=123","title":{"rendered":"Aj\u00e1nlatk\u00e9r\u00e9s"},"content":{"rendered":"\t\t<div data-elementor-type=\"wp-page\" data-elementor-id=\"123\" class=\"elementor elementor-123\" data-elementor-post-type=\"page\">\n\t\t\t\t\t\t<section class=\"elementor-section elementor-top-section elementor-element elementor-element-5220338 elementor-section-boxed elementor-section-height-default elementor-section-height-default\" data-id=\"5220338\" data-element_type=\"section\">\n\t\t\t\t\t\t<div class=\"elementor-container elementor-column-gap-default\">\n\t\t\t\t\t<div class=\"elementor-column elementor-col-100 elementor-top-column elementor-element elementor-element-163207e\" data-id=\"163207e\" data-element_type=\"column\">\n\t\t\t<div class=\"elementor-widget-wrap elementor-element-populated\">\n\t\t\t\t\t\t<div class=\"elementor-element elementor-element-66e7cc4 elementor-widget elementor-widget-spacer\" data-id=\"66e7cc4\" data-element_type=\"widget\" data-widget_type=\"spacer.default\">\n\t\t\t\t<div class=\"elementor-widget-container\">\n\t\t\t\t\t\t\t<div class=\"elementor-spacer\">\n\t\t\t<div class=\"elementor-spacer-inner\"><\/div>\n\t\t<\/div>\n\t\t\t\t\t\t<\/div>\n\t\t\t\t<\/div>\n\t\t\t\t\t<\/div>\n\t\t<\/div>\n\t\t\t\t\t<\/div>\n\t\t<\/section>\n\t\t\t\t<section class=\"elementor-section elementor-top-section elementor-element elementor-element-a176dcf elementor-section-boxed elementor-section-height-default elementor-section-height-default\" data-id=\"a176dcf\" data-element_type=\"section\">\n\t\t\t\t\t\t<div class=\"elementor-container elementor-column-gap-default\">\n\t\t\t\t\t<div class=\"elementor-column elementor-col-50 elementor-top-column elementor-element elementor-element-80e7428\" data-id=\"80e7428\" data-element_type=\"column\">\n\t\t\t<div class=\"elementor-widget-wrap elementor-element-populated\">\n\t\t\t\t\t\t<div class=\"elementor-element elementor-element-ab68648 elementor-widget elementor-widget-text-editor\" data-id=\"ab68648\" data-element_type=\"widget\" data-widget_type=\"text-editor.default\">\n\t\t\t\t<div class=\"elementor-widget-container\">\n\t\t\t\t\t\t\t\t\t<h1>Aj\u00e1nlatk\u00e9r\u00e9s \u2013 egyszer\u0171en, \u00e1tl\u00e1that\u00f3an<\/h1>\n<p data-start=\"352\" data-end=\"494\">Napelemes beruh\u00e1z\u00e1st tervez v\u00e1llalkoz\u00e1sa sz\u00e1m\u00e1ra?<br data-start=\"401\" data-end=\"404\">Mi v\u00e9gigk\u00eds\u00e9rj\u00fck a teljes folyamaton a felm\u00e9r\u00e9st\u0151l a kivitelez\u00e9sig \u2013 pontosan, hat\u00e1rid\u0151re.<\/p>\n<h1 data-start=\"496\" data-end=\"517\">Hogyan dolgozunk?<\/h1>\n<p data-start=\"519\" data-end=\"713\"><strong data-start=\"519\" data-end=\"534\">1. Felm\u00e9r\u00e9s<\/strong><br data-start=\"534\" data-end=\"537\">A helysz\u00edni felm\u00e9r\u00e9s sor\u00e1n pontosan \u00e9rkez\u00fcnk, \u00e9s megvizsg\u00e1ljuk az ingatlan adotts\u00e1gait, valamint az energiafelhaszn\u00e1l\u00e1st.<br data-start=\"658\" data-end=\"661\">Ez az alapja egy j\u00f3l m\u0171k\u00f6d\u0151, gazdas\u00e1gos rendszernek.<\/p>\n<p data-start=\"715\" data-end=\"885\"><strong data-start=\"715\" data-end=\"733\">2. Aj\u00e1nlatad\u00e1s<\/strong><br data-start=\"733\" data-end=\"736\">A felm\u00e9r\u00e9s alapj\u00e1n <strong data-start=\"755\" data-end=\"785\">legfeljebb egy h\u00e9ten bel\u00fcl<\/strong> elk\u00e9sz\u00edtj\u00fck szem\u00e9lyre szabott aj\u00e1nlat\u00e1t.<br data-start=\"826\" data-end=\"829\">Az aj\u00e1nlat \u00e1tl\u00e1that\u00f3, \u00e9rthet\u0151, rejtett k\u00f6lts\u00e9gek n\u00e9lk\u00fcl.<\/p>\n<p data-start=\"887\" data-end=\"1056\"><strong data-start=\"887\" data-end=\"905\">3. V\u00e9grehajt\u00e1s<\/strong><br data-start=\"905\" data-end=\"908\">Az egyeztetett id\u0151pontban \u00e9rkez\u00fcnk, \u00e9s elv\u00e9gezz\u00fck a kivitelez\u00e9st a megbesz\u00e9ltek szerint.<br data-start=\"996\" data-end=\"999\">Prec\u00edz munka, megb\u00edzhat\u00f3 eszk\u00f6z\u00f6k, kisz\u00e1m\u00edthat\u00f3 folyamat.<\/p>\n<h1 data-start=\"1058\" data-end=\"1084\">K\u00e9rjen aj\u00e1nlatot most!<\/h1>\n<p class=\"isSelectedEnd\">K\u00fcldj\u00f6n emailt, \u00e9s&nbsp;<strong>r\u00f6vid id\u0151n bel\u00fcl felvessz\u00fck \u00d6nnel a kapcsolatot<\/strong>.<br>Az aj\u00e1nlatk\u00e9r\u00e9s&nbsp;<strong>d\u00edjmentes \u00e9s k\u00f6telezetts\u00e9gmentes<\/strong>.<\/p>\n<p class=\"isSelectedEnd\">Az aj\u00e1nlat elk\u00e9sz\u00edt\u00e9s\u00e9hez az al\u00e1bbi adatok seg\u00edtenek minket:<\/p>\n<ul>\n<li class=\"isSelectedEnd\">telep\u00edt\u00e9s helysz\u00edne<\/li>\n<li class=\"isSelectedEnd\">ingatlan t\u00edpusa<\/li>\n<li class=\"isSelectedEnd\">\u00e9ves villanyfogyaszt\u00e1s (ha ismert)<\/li>\n<li class=\"isSelectedEnd\">c\u00e9ges vagy lakoss\u00e1gi felhaszn\u00e1l\u00e1s<\/li>\n<\/ul>\t\t\t\t\t\t\t\t<\/div>\n\t\t\t\t<\/div>\n\t\t\t\t\t<\/div>\n\t\t<\/div>\n\t\t\t\t<div class=\"elementor-column elementor-col-50 elementor-top-column elementor-element elementor-element-bd7d78b\" data-id=\"bd7d78b\" data-element_type=\"column\">\n\t\t\t<div class=\"elementor-widget-wrap elementor-element-populated\">\n\t\t\t\t\t\t<div class=\"elementor-element elementor-element-636bfb3 elementor-widget elementor-widget-image\" data-id=\"636bfb3\" data-element_type=\"widget\" data-widget_type=\"image.default\">\n\t\t\t\t<div class=\"elementor-widget-container\">\n\t\t\t\t\t\t\t\t\t\t\t\t\t\t\t<img fetchpriority=\"high\" decoding=\"async\" width=\"559\" height=\"1024\" src=\"https:\/\/sparkshift.hu\/wp-content\/uploads\/2026\/01\/Hatter-nelkul-nagy-1-559x1024.png\" class=\"attachment-large size-large wp-image-176\" alt=\"\" srcset=\"https:\/\/sparkshift.hu\/wp-content\/uploads\/2026\/01\/Hatter-nelkul-nagy-1-559x1024.png 559w, https:\/\/sparkshift.hu\/wp-content\/uploads\/2026\/01\/Hatter-nelkul-nagy-1-164x300.png 164w, https:\/\/sparkshift.hu\/wp-content\/uploads\/2026\/01\/Hatter-nelkul-nagy-1.png 600w\" sizes=\"(max-width: 559px) 100vw, 559px\" \/>\t\t\t\t\t\t\t\t\t\t\t\t\t\t\t<\/div>\n\t\t\t\t<\/div>\n\t\t\t\t\t<\/div>\n\t\t<\/div>\n\t\t\t\t\t<\/div>\n\t\t<\/section>\n\t\t\t\t<section class=\"elementor-section elementor-top-section elementor-element elementor-element-6285366 elementor-section-boxed elementor-section-height-default elementor-section-height-default\" data-id=\"6285366\" data-element_type=\"section\">\n\t\t\t\t\t\t<div class=\"elementor-container elementor-column-gap-default\">\n\t\t\t\t\t<div class=\"elementor-column elementor-col-100 elementor-top-column elementor-element elementor-element-4b00915\" data-id=\"4b00915\" data-element_type=\"column\">\n\t\t\t<div class=\"elementor-widget-wrap elementor-element-populated\">\n\t\t\t\t\t\t<div class=\"elementor-element elementor-element-9a744b5 elementor-widget elementor-widget-spacer\" data-id=\"9a744b5\" data-element_type=\"widget\" data-widget_type=\"spacer.default\">\n\t\t\t\t<div class=\"elementor-widget-container\">\n\t\t\t\t\t\t\t<div class=\"elementor-spacer\">\n\t\t\t<div class=\"elementor-spacer-inner\"><\/div>\n\t\t<\/div>\n\t\t\t\t\t\t<\/div>\n\t\t\t\t<\/div>\n\t\t\t\t\t<\/div>\n\t\t<\/div>\n\t\t\t\t\t<\/div>\n\t\t<\/section>\n\t\t\t\t<section class=\"elementor-section elementor-top-section elementor-element elementor-element-f4d7a9d elementor-section-boxed elementor-section-height-default elementor-section-height-default\" data-id=\"f4d7a9d\" data-element_type=\"section\">\n\t\t\t\t\t\t<div class=\"elementor-container elementor-column-gap-default\">\n\t\t\t\t\t<div class=\"elementor-column elementor-col-100 elementor-top-column elementor-element elementor-element-37b1a2b\" data-id=\"37b1a2b\" data-element_type=\"column\">\n\t\t\t<div class=\"elementor-widget-wrap elementor-element-populated\">\n\t\t\t\t\t\t<div class=\"elementor-element elementor-element-c892e85 elementor-align-center elementor-widget elementor-widget-button\" data-id=\"c892e85\" data-element_type=\"widget\" data-widget_type=\"button.default\">\n\t\t\t\t<div class=\"elementor-widget-container\">\n\t\t\t\t\t\t\t\t\t<div class=\"elementor-button-wrapper\">\n\t\t\t\t\t<a class=\"elementor-button elementor-button-link elementor-size-sm\" href=\"mailto:info@sparkshift.hu\">\n\t\t\t\t\t\t<span class=\"elementor-button-content-wrapper\">\n\t\t\t\t\t\t\t\t\t<span class=\"elementor-button-text\">Aj\u00e1nlatk\u00e9r\u00e9s<\/span>\n\t\t\t\t\t<\/span>\n\t\t\t\t\t<\/a>\n\t\t\t\t<\/div>\n\t\t\t\t\t\t\t\t<\/div>\n\t\t\t\t<\/div>\n\t\t\t\t\t<\/div>\n\t\t<\/div>\n\t\t\t\t\t<\/div>\n\t\t<\/section>\n\t\t\t\t<section class=\"elementor-section elementor-top-section elementor-element elementor-element-098088f elementor-section-boxed elementor-section-height-default elementor-section-height-default\" data-id=\"098088f\" data-element_type=\"section\">\n\t\t\t\t\t\t<div class=\"elementor-container elementor-column-gap-default\">\n\t\t\t\t\t<div class=\"elementor-column elementor-col-100 elementor-top-column elementor-element elementor-element-54e83d2\" data-id=\"54e83d2\" data-element_type=\"column\">\n\t\t\t<div class=\"elementor-widget-wrap elementor-element-populated\">\n\t\t\t\t\t\t<div class=\"elementor-element elementor-element-413f6a2 elementor-widget elementor-widget-spacer\" data-id=\"413f6a2\" data-element_type=\"widget\" data-widget_type=\"spacer.default\">\n\t\t\t\t<div class=\"elementor-widget-container\">\n\t\t\t\t\t\t\t<div class=\"elementor-spacer\">\n\t\t\t<div class=\"elementor-spacer-inner\"><\/div>\n\t\t<\/div>\n\t\t\t\t\t\t<\/div>\n\t\t\t\t<\/div>\n\t\t\t\t\t<\/div>\n\t\t<\/div>\n\t\t\t\t\t<\/div>\n\t\t<\/section>\n\t\t\t\t<\/div>\n\t\t","protected":false},"excerpt":{"rendered":"<p>Aj\u00e1nlatk\u00e9r\u00e9s \u2013 egyszer\u0171en, \u00e1tl\u00e1that\u00f3an Napelemes beruh\u00e1z\u00e1st tervez v\u00e1llalkoz\u00e1sa sz\u00e1m\u00e1ra?Mi v\u00e9gigk\u00eds\u00e9rj\u00fck a teljes folyamaton a felm\u00e9r\u00e9st\u0151l a kivitelez\u00e9sig \u2013 pontosan, hat\u00e1rid\u0151re. Hogyan dolgozunk? 1. Felm\u00e9r\u00e9sA helysz\u00edni felm\u00e9r\u00e9s sor\u00e1n pontosan \u00e9rkez\u00fcnk, \u00e9s megvizsg\u00e1ljuk az ingatlan adotts\u00e1gait, valamint az energiafelhaszn\u00e1l\u00e1st.Ez az alapja egy j\u00f3l m\u0171k\u00f6d\u0151, gazdas\u00e1gos rendszernek. 2. Aj\u00e1nlatad\u00e1sA felm\u00e9r\u00e9s alapj\u00e1n legfeljebb egy h\u00e9ten bel\u00fcl elk\u00e9sz\u00edtj\u00fck szem\u00e9lyre szabott [&hellip;]<\/p>\n","protected":false},"author":1,"featured_media":0,"parent":0,"menu_order":0,"comment_status":"closed","ping_status":"closed","template":"","meta":{"footnotes":""},"class_list":["post-123","page","type-page","status-publish","hentry","entry"],"_links":{"self":[{"href":"https:\/\/sparkshift.hu\/index.php?rest_route=\/wp\/v2\/pages\/123","targetHints":{"allow":["GET"]}}],"collection":[{"href":"https:\/\/sparkshift.hu\/index.php?rest_route=\/wp\/v2\/pages"}],"about":[{"href":"https:\/\/sparkshift.hu\/index.php?rest_route=\/wp\/v2\/types\/page"}],"author":[{"embeddable":true,"href":"https:\/\/sparkshift.hu\/index.php?rest_route=\/wp\/v2\/users\/1"}],"replies":[{"embeddable":true,"href":"https:\/\/sparkshift.hu\/index.php?rest_route=%2Fwp%2Fv2%2Fcomments&post=123"}],"version-history":[{"count":28,"href":"https:\/\/sparkshift.hu\/index.php?rest_route=\/wp\/v2\/pages\/123\/revisions"}],"predecessor-version":[{"id":522,"href":"https:\/\/sparkshift.hu\/index.php?rest_route=\/wp\/v2\/pages\/123\/revisions\/522"}],"wp:attachment":[{"href":"https:\/\/sparkshift.hu\/index.php?rest_route=%2Fwp%2Fv2%2Fmedia&parent=123"}],"curies":[{"name":"wp","href":"https:\/\/api.w.org\/{rel}","templated":true}]}}